-12). Suppose 8*y - 496 = -z*y. What are the prime factors of y?
2, 31
Let o(m) = 1. Let n(q) = -3*q - 33. Let t(a) = n(a) - 5*o(a). List the prime factors of t(-17).
13
Let i = -52 - -187. List the prime factors of i.
3, 5
Let n = -37 - -42. Suppose -n*r + 226 = -129. List the prime factors of r.
71
Suppose -4*a + 3 + 9 = 0. Suppose -a*f + 2 = -t, 0 = 2*t + 2*t - 2*f + 8. What are the prime factors of 67 + 1 + -3 + t?
3, 7
Let s = 531 - 337. List the prime factors of s.
2, 97
Suppose 6*c - 406 = 356. List the prime factors of c.
127
Suppose 2*w - 445 = 247. Suppose -3*v - 5*a + 341 = 0, 3*v + 4*a = -0*v + w. List the prime factors of v.
2, 61
Suppose -1085 = 4*b - 11*b. Let q = b - 83. List the prime factors of q.
2, 3
Let w(c) = -c**3 + c + 109. List the prime factors of w(0).
109
Suppose 11*a - 6204 = -1210. What are the prime factors of a?
2, 227
Let l = 20 + -22. Let n(o) = -5*o + 3. What are the prime factors of n(l)?
13
Suppose -18 = -4*g + 2. Suppose d = 3*c + 4 + 1, 0 = g*d + 3*c - 7. Suppose 3*x - 24 = x + 2*m, -d*x + m = -22. List the prime factors of x.
2, 5
Let w = -1670 - -2774. Suppose -w = 11*o - 15*o. List the prime factors of o.
2, 3, 23
Let x(s) be the first derivative of s**3/3 - 4*s**2 + 16*s - 3. List the prime factors of x(6).
2
Suppose 2*m = -156 + 584. List the prime factors of m.
2, 107
Suppose 4*m = 5*w + 455, -12*w + 9*w = -15. List the prime factors of m.
2, 3, 5
Let p be -1*(90/(-21) + 2/7). Suppose 5*d + p*m = 792, -7*d + 324 = -5*d + 4*m. What are the prime factors of d?
2, 3, 13
Let r be (-3 - -2)/(1/(-3)). Let h(d) = 3*d - 3*d**r - 5*d**3 + d**2 + 3*d**3 + 2 + 3*d**3. List the prime factors of h(-2).
2
What are the prime factors of (-20046)/(-27) - (-16)/(-36)?
2, 7, 53
Let s be (1 - 2) + 3 + 0. Suppose -26 = -s*f + 30. What are the prime factors of f?
2, 7
What are the prime factors of 1325 - ((6*-2)/(-6) + 0)?
3, 7
Suppose 0 = 4*l + d - 478, -54 = -2*l + 2*d + 190. What are the prime factors of l?
2, 3, 5
Suppose 4*w - 5*i - 12 = -3*i, -2*w + 6 = 4*i. Let p(j) = -17*j + 3. Let u(t) = -50*t + 8. Let x(r) = -10*p(r) + 3*u(r). What are the prime factors of x(w)?
2, 3
Let q be 2/3 + (-196)/(-21). Let g(r) = 3*r + 12. List the prime factors of g(q).
2, 3, 7
Suppose -35*c + 27*c + 5800 = 0. List the prime factors of c.
5, 29
What are the prime factors of 437 - (2 - (-2 - -3))?
2, 109
Let i(a) = -6*a - 2. Let y be i(2). Let p be y*(2 + -1) - -4. Let z(r) = r**2 + 9*r. What are the prime factors of z(p)?
2, 5
Suppose 3*i + 101 = g + 7*i, 0 = -5*g - i + 562. Let t = -67 + g. List the prime factors of t.
2, 23
List the prime factors of 2*2 - (-8 + -168).
2, 3, 5
Let p(c) = 3*c - 19. What are the prime factors of p(22)?
47
What are the prime factors of 2/(-6)*70182/(-14)?
3, 557
Let g = 1927 - 513. What are the prime factors of g?
2, 7, 101
Let m(l) = l**2 + 16*l + 28. Let k be m(-14). Let y = 43 + 3. Suppose 5*p + 2*j - 84 = k, -3*p - 2*j = -y - 6. List the prime factors of p.
2
Suppose -1006 = -26*u + 7470. What are the prime factors of u?
2, 163
Suppose 3*q - 3 = 0, 1 = -b + 5*q - 4. Suppose 2*p - 24 - 86 = b. List the prime factors of p.
5, 11
What are the prime factors of ((-2)/(-3))/((-24)/18)*-3512?
2, 439
Let g(s) = 31*s - 15. Let w = -4 - -12. What are the prime factors of g(w)?
233
Suppose 361*y - 359*y - 1030 = 0. What are the prime factors of y?
5, 103
Suppose 2*r - 15*p = -12*p + 1307, 4*r = -3*p + 2587. List the prime factors of r.
11, 59
Let w = 5 + -1. Let z = 8 - w. Suppose z*l - 5*l + 2*n + 24 = 0, -4*n - 4 = 0. List the prime factors of l.
2, 11
Let z be -2 + (40 - -1) + 3. Suppose 40 = 2*p - z. Suppose 3 = u - p. What are the prime factors of u?
2, 11
Suppose -3*b + 6*b = 9. Let u be (28/(b + 1))/1. Suppose 0 = -3*v + 4*v - u. What are the prime factors of v?
7
Let f be 1*3/(2 - -1). Let s = 9 - f. List the prime factors of s.
2
Suppose -5*v - 2*h + 2 = 0, -5*h = 2*v + 2*v + 12. List the prime factors of (-17 - -18)*176/v.
2, 11
Suppose -a - 3 = -2*a. Suppose 0 = -a*r + 3, 4*b + 0*b - r = 79. List the prime factors of b.
2, 5
Let r(c) = -4*c - 35. Let p be r(-10). Suppose -t + 26 = 4*b - 2, t - 28 = p*b. List the prime factors of t.
2, 7
Let g be (-7)/(-3) - 4/12. Let t be 6 + (g - 3) - 3. Suppose 0 = t*f - 71 - 69. What are the prime factors of f?
2, 5, 7
Let l be (2 - -20)*8/(-9 - -5). Suppose 2*z = -5*w + 6*z - 89, -z - 50 = 3*w. Let r = w - l. What are the prime factors of r?
3
Let t(i) = -3*i**3 + i**2 - i - 7. Let x be t(3). Let o = x + 138. What are the prime factors of o?
2, 7
Suppose 0 = -3*o + 4*o. Suppose o = -2*w + 3*w - 138. Let c = w + -95. What are the prime factors of c?
43
Let l = 612 - -362. What are the prime factors of l?
2, 487
What are the prime factors of 2 + 1872/9 + -4?
2, 103
Let f = -24 - -15. List the prime factors of -1 + 1 + f/((-27)/168).
2, 7
Suppose 7*c - 285 = -12*c. List the prime factors of 669/11 - c/(825/(-10)).
61
Let y(s) = -s**2 - s - 9. Let l be y(0). Let d = l - -22. Suppose -11*b + d*b - 74 = 0. What are the prime factors of b?
37
Let v = 78 - -84. List the prime factors of v.
2, 3
Let t(z) be the third derivative of z**4/6 + 11*z**3/6 + 8*z**2. List the prime factors of t(11).
5, 11
Let c(h) = -2 + 2 - 154*h + 155*h. Let z(f) = 3*f**2 + 1. Let o be z(-1). List the prime factors of c(o).
2
Let n(r) = -r**3 - 14*r**2 + 6. Let j be n(-14). Suppose 0 = -5*c - 0*c + 3*g + 1169, 0 = 2*g + j. List the prime factors of c.
2, 29
Let w(i) = -i**2 - 4*i + 837. What are the prime factors of w(0)?
3, 31
Let v(u) = -u**3 + 5*u**2 + 12*u + 16. Let z be v(7). Suppose z*o - 196 = -0*o. List the prime factors of o.
2, 7
Suppose 4373 = 40*t - 1907. List the prime factors of t.
157
What are the prime factors of 820 + ((-420)/7)/(-10)?
2, 7, 59
Suppose 4*z = 3*l + 3483, -2*l = 2*z - 842 - 882. List the prime factors of z.
3, 17
List the prime factors of 466*((-18)/4)/(-9).
233
Suppose -23*b + 5670 = -13*b. List the prime factors of b.
3, 7
Let l(n) = -n**2 - 12*n + 26. Let f be l(-13). Suppose 377 = f*r - 1677. What are the prime factors of r?
2, 79
List the prime factors of 2*(-290)/(-15)*165/10.
2, 11, 29
Suppose 100 = -4*y + 4*f - 1016, -5*f - 593 = 2*y. Let g = y - -408. What are the prime factors of g?
2, 31
Let a(y) = 3*y + 29. Let h = -28 + 19. List the prime factors of a(h).
2
Let l(d) = 4*d - 36. Let x be l(10). What are the prime factors of 3/((-9)/(-462)) + x?
2, 79
Suppose 1 = -n + 4, -390 = -4*l + 2*n. List the prime factors of l.
3, 11
Let f be 3 - (7 - (2 - -2)). Suppose -4*y + 2*y + 14 = f. Suppose -5*m = -y*m + 140. What are the prime factors of m?
2, 5, 7
Suppose -153*i - 75 = -154*i. Let f = i - 52. What are the prime factors of f?
23
Let l(i) = 11*i + 73 - 21*i + 9*i + 2*i**2 - 3*i**2. List the prime factors of l(0).
73
Let a(u) = u**3 + u**2 + 47. Let h be a(0). Let b = -19 + h. Suppose -2*v = -v - b. What are the prime factors of v?
2, 7
Suppose d + 2 = -1. Let w(q) be the third derivative of q**5/60 - q**4/12 + q**3/3 - 36*q**2. List the prime factors of w(d).
17
Suppose 0 = 2*c - 10, -y = 5*c - 99 - 61. What are the prime factors of y?
3, 5
Suppose -21*t + 15*t = -438. What are the prime factors of t?
73
Let j be (1 - 3)*413/(-14). Suppose j = 2*q - 59. Let v = q - 34. List the prime factors of v.
5
Suppose 9*t = -2*c + 7*t + 1012, -c + 2*t = -506. List the prime factors of c.
2, 11, 23
Let r = -8 + 10. Suppose 0 = -5*i - 4*k + 395, -r*i + 6*i - 352 = 4*k. What are the prime factors of i?
83
Let s(n) = -116*n + 24. Let b be s(-4). Suppose -448 = -5*z + 2*i + b, -z - 3*i + 177 = 0. What are the prime factors of z?
2, 3, 31
Let n = 45 - 22. Suppose -n = -3*b + 46. Let o = -3 + b. What are the prime factors of o?
2, 5
Let l be (-15)/20 - 2/(16/(-414)). Let h = l + 23. List the prime factors of h.
2, 37
Let y(q) = -q**3 - q**2 - 23*q - 3. What are the prime factors of y(-15)?
2, 3, 97
Suppose c - 2*c = 4*b - 10100, 4*c - 5064 = -2*b. List the prime factors of b.
2, 631
Let j = -68 - -97. Let v = -25 + j. List the prime factors of (44/1)/2 - v.
2, 3
Let c(k) = 75*k + 158. What are the prime factors of c(36)?
2, 1429
Let y be 0/((12/3)/4). Suppose -157 = -y*r - r. List the prime factors of r.
157
Suppose -2*k + 116 = -3*t, 2*k - 5*t = 152 - 32. Let f = 